58 + 694 = f*p. What are the prime factors of p?
109
Let j = 104 - 12. Suppose -z + j = -0*z. List the prime factors of z.
2, 23
Suppose -8*s - s = -1395. Suppose q = 3*v - s, 40 = v + 2*q - 0*q. List the prime factors of v.
2, 5
Let v(y) = y**3 + 4*y**2 - 8*y - 4. Let z be v(-5). Suppose 9*g + 202 = z*g. List the prime factors of g.
101
Let i(a) = a**3 + 18*a**2 + 5*a - 8. List the prime factors of i(-6).
2, 197
Let x = -337 - -428. List the prime factors of x.
7, 13
What are the prime factors of (182/273)/(-2*(-2)/42)?
7
Suppose -4*a = -g - 2*g + 637, -5*g + 1056 = -a. List the prime factors of g.
211
Let q(d) = -4*d - 3. Let f(r) = -r**2 - r. Let p be f(-1). Let h(s) = -s**2 + s - 3. Let x be h(p). What are the prime factors of q(x)?
3
Let b = 28 - 13. What are the prime factors of 1/(6/b)*52/2?
5, 13
Let g(k) = -k + 8. Let u be (2 + -1 - 1)/1. Let x be g(u). Let p = x - -25. What are the prime factors of p?
3, 11
Suppose 0 = -4*n, 3*i + 4*n = -241 + 2377. List the prime factors of i.
2, 89
Let t(j) = j - 7. Let i be t(5). Let v = i + 9. Let w = -4 + v. List the prime factors of w.
3
Let t be 5/(-3)*3/(-1). Suppose t*l + 60 = 645. What are the prime factors of l?
3, 13
Suppose 0 = -2*o + 856 + 600. What are the prime factors of o?
2, 7, 13
Suppose 8 = -5*y + 2103. List the prime factors of y.
419
Let w be 2/(-9) + 352/(-198). List the prime factors of (-2 - w)/3 - -63.
3, 7
Suppose -z - z - 5*w = -50, -4*w - 29 = -3*z. Suppose 4*n - n - z = 0. Suppose -q + n = v, q - 37 = v - 6*v. List the prime factors of v.
2
List the prime factors of (-2632)/(-44) - (-22)/121.
2, 3, 5
Let w = -1283 - -2060. What are the prime factors of w?
3, 7, 37
Let s be 8/(-2) - (45 - 39). List the prime factors of (-1)/5 + (-3262)/s.
2, 163
Let m(q) = 0*q**2 - 6*q**2 + 11*q**2 + 9 + 4*q + q. List the prime factors of m(-5).
109
Let c = -29 - -33. Let l(x) = 3*x**2 + 7*x - 7. List the prime factors of l(c).
3, 23
Let z be 1451/7 - (-20)/(-70). What are the prime factors of 2/6*z/1?
3, 23
Suppose 2*d + 3*q = 893, 4*q - 1340 = -3*d - 0*q. Suppose 0*a - 4*a + d = 0. What are the prime factors of a?
2, 7
Suppose 2*p + 18 = 5*n + 61, 2*n = 5*p - 34. Let w be ((-2)/(-4))/(n/(-224)). Suppose w = 3*i + i. What are the prime factors of i?
2
Let h(i) = i**2 + 12*i - 16. Let b be h(8). Let o = 317 - b. What are the prime factors of o?
173
Let s(a) = -3*a**2 + 10*a - 15. Let u(r) = 8*r**2 - 30*r + 45. Let w(d) = -11*s(d) - 4*u(d). What are the prime factors of w(7)?
2, 13
Let p be (0 - 0) + 1 + 2 + 0. Suppose -5*u - 81 - 80 = -p*t, 2*u = -5*t + 320. List the prime factors of t.
2, 31
Let d(g) = g**3 - 7*g**2 - 8*g - 4. Suppose 0 = u + 2 + 3, -3*s + 44 = -4*u. Let b be d(s). What are the prime factors of b/10 + 144/10?
2, 7
Suppose 0 = -4*o + 20, 0 = -5*v - o - 6 - 9. List the prime factors of 3246/42 - v/(-14).
7, 11
Suppose -14910 = -0*c - 15*c. Suppose -5*x - 4*w + 5*w = -c, 3*x + 3*w - 582 = 0. List the prime factors of x.
2, 3, 11
Let c = -112 - -56. Let w = c + 113. List the prime factors of w.
3, 19
Let n be (8 - 1)/((-29)/(-29)). Suppose 9*u - 5120 = -n*u. List the prime factors of u.
2, 5
Let a be 18/45 + 95264/(-10). What are the prime factors of a/(-66) + (-4)/(-6)?
5, 29
Let y = 116 + -78. Let b = -12 + y. List the prime factors of b.
2, 13
Suppose 0 = 4*z + 662 - 1910. List the prime factors of z.
2, 3, 13
Suppose 8*a = 4*a + 440. Suppose -5*k = -a - 45. Suppose f = 11 + k. List the prime factors of f.
2, 3, 7
Suppose -m + 5*a - 5 = 0, -2*a = -4*m - 1 - 1. Suppose -6*c + c = m. Suppose 0 = -q - c*q + 23. What are the prime factors of q?
23
Let u be 93 + 1 + 1 + -5. List the prime factors of ((-4)/(-5)*-7)/((-4)/u).
2, 3, 7
Let q(i) = -2*i + 5. Let t be q(0). Suppose 4*j - 67 = -3*k, -t*k + 4*j + 80 = -k. Let n = k + -13. List the prime factors of n.
2
What are the prime factors of (3 - 63/27)*(7420 + -1)?
2, 2473
Let t = 645 + -429. Suppose -5*r + t - 31 = 0. What are the prime factors of r?
37
Let f = -14 + 27. Let y = -68 - -73. Suppose f + 42 = y*n. List the prime factors of n.
11
Let p(j) = 14*j**2 + 24*j + 164. What are the prime factors of p(-6)?
2, 131
Suppose -6*l - 2 = -38. Let q be (-3)/(-18) - l/36. Suppose q = -5*s + 201 - 36. List the prime factors of s.
3, 11
Let w(g) = -g**2 + 10*g + 13. Let a be w(9). List the prime factors of (-2)/6*(a - 205).
61
Let w be (-4)/(-34) + (-2)/17. Suppose 4*i - 12 = 0, -147 = -3*q + q + i. Suppose w = -3*m + q - 21. List the prime factors of m.
2, 3
Let u = 193 - 62. Let z = u - 3. What are the prime factors of z?
2
Let v = -473 + 928. What are the prime factors of v?
5, 7, 13
Let t(p) = -4*p + 8. Let k be t(-5). Let z = -12 + k. Suppose 0 = -6*y - z + 130. List the prime factors of y.
19
Suppose 3*w + 17 = d, 4*w - 5 = -3*d + 7. Suppose d = y - 56. Suppose -3*o = -o - y. List the prime factors of o.
2
Suppose 0 = 4*n - 11*n + 2695. List the prime factors of n.
5, 7, 11
Let l(u) = -18*u + 16. Suppose -j + 6 = -4*j. List the prime factors of l(j).
2, 13
Let z(l) = 4*l**2 + 2*l - 5. Let r be z(-4). Let t = r - 23. What are the prime factors of t?
2, 7
Let y = 104 - -11. Let h = -5 + y. What are the prime factors of h?
2, 5, 11
Suppose 2*b - 16 = 10. Let u(x) = 12*x**2 - 9*x - b*x**2 - 3 + 17 - x. What are the prime factors of u(-10)?
2, 7
Let i(h) = h**3 - 5*h**2 + 6*h - 6. Let j be i(4). Suppose 0*f + 34 = j*f. Let k = f + -13. List the prime factors of k.
2
Suppose 0 = 4*x - 8, n + 4*x = -3*n + 2096. What are the prime factors of n?
2, 3, 29
Let a be 1*(20/(-5) + 15). Suppose 0 = 7*w - a*w + 40. Suppose 2*d = w*d - 448. What are the prime factors of d?
2, 7
Let j = 207 - 2. List the prime factors of j.
5, 41
Let i(y) = -6*y + 70. Let q be i(11). List the prime factors of (16/(-12))/q - (-355)/3.
2, 59
Suppose 0 = 5*k - 186 + 711. Let o = k + 200. What are the prime factors of o?
5, 19
Suppose 3*u - k + 2*k - 5 = 0, -3*u = -k - 1. Suppose u = -m + 55. Let y = -10 + m. List the prime factors of y.
2, 11
Let w(n) = 120*n - 162. List the prime factors of w(9).
2, 3, 17
Let x = 16 - -64. Let u = x + -41. List the prime factors of u.
3, 13
Suppose -13 = -5*a + 27. Suppose 1079 - 377 = 6*k. List the prime factors of k*(a/6 + -1).
3, 13
Let h be ((-1 + 1)/(-1))/(-3). Let k be 4/(h - (-1)/4). List the prime factors of 6*(-4)/k*-10.
3, 5
Suppose 3*a - 50 = -r + 8, 2*r - 98 = 3*a. List the prime factors of 0/(-2) + 1 + r.
53
Let a be (-15 - 3 - 4)*-6. Let v = a - 102. What are the prime factors of v?
2, 3, 5
Let t(y) be the first derivative of 3*y**3 - y**2 + 5*y - 1. What are the prime factors of t(-3)?
2, 23
Suppose -5*g - 5*p + 460 = -55, 2*g - 199 = 5*p. Suppose 0 = 4*q - 158 - g. What are the prime factors of q?
5, 13
Suppose -68*g + 157 = -67*g. What are the prime factors of g?
157
Let o = 72 - 66. List the prime factors of (-2)/(4 - o) - -140.
3, 47
Suppose -5*k - 170 = -2*p, 2*k + 45 = -3*p - 42. Let t be (k/(-27))/((-2)/(-3)). Suppose -6*r = -t*r - 196. What are the prime factors of r?
7
Let t = 599 + -426. What are the prime factors of t - (16/(-5) - (-4)/20)?
2, 11
Suppose 0 = 12*g - 3*g - 72. Suppose -q = 4*f - g - 23, -q = -f - 36. What are the prime factors of q?
5, 7
Suppose -8*k = -17*k - 234. List the prime factors of -1*(39/k)/((-3)/(-68)).
2, 17
Let o be (-3 + -3)/(-1*(-3)/(-2)). Suppose 3*w = o*w - 60. List the prime factors of w.
2, 3, 5
Let a = -105 + 257. Suppose -3*h + 229 = 2*q, -3*h + a = -h + 2*q. What are the prime factors of h?
7, 11
Let w = 8 - -26. Suppose 36*y = w*y + 26. List the prime factors of y.
13
Suppose 1470 = 42*t - 48*t. Let p = 389 + t. List the prime factors of p.
2, 3
Let s(n) = 4*n - 14. Suppose -7 = -m - 2. Let z be s(m). Suppose -104 = -z*q + 2*q. List the prime factors of q.
2, 13
Let n(a) = -a + 42. Let q be n(18). Let l = 170 - q. What are the prime factors of l?
2, 73
Let w(g) be the second derivative of -g**3 - 3*g + 0 - 1/12*g**4 + 7/2*g**2. What are the prime factors of w(-6)?
7
Let i = 1258 + 123. List the prime factors of i.
1381
Let l = -5 - -58. Let q = 162 - l. List the prime factors of q.
109
Let l(f) = -f - 1. Let p(d) = -5*d - 4. Let v(t) = -22*l(t) + 6*p(t). Let k be v(-5). Suppose -k = -x - x. List the prime factors of x.
19
Suppose -22320 = -8*u - 28*u. What are